- 15. List the prime factors of a.
3, 5
Let y(b) = 5*b**3 + 3. List the prime factors of y(2).
43
Let z = 16 + -3. Suppose 5*s - 5*q = 125, -s - 4*q + z = q. List the prime factors of s.
23
Let g = 6 - 3. Suppose 25 = 2*h - 67. Suppose -g*w = 7 - h. What are the prime factors of w?
13
List the prime factors of (-14)/(-35) + (-8)/(-5).
2
Let x = 230 - 63. List the prime factors of x.
167
Suppose -g - k = -30, 3*g - k = -40 + 110. List the prime factors of g.
5
Let b(x) = x - 4. Let i be b(6). Let s = -28 + 15. What are the prime factors of -2 + (1 + i - s)?
2, 7
Let h be (15/12)/((-2)/(-64)). Suppose 0 = -6*u + u - 5*z + 150, 2*u - h = 3*z. What are the prime factors of u?
2, 13
Suppose 3*w = w + 34. List the prime factors of w.
17
Let a(g) = -7*g + g**3 + 7*g + 0*g**3 + 4 - 3*g. What are the prime factors of a(3)?
2, 11
Let s(h) = h**2 - 7*h - 4. Let t be s(8). Suppose -3*w - 22 = -g, t*g = -0*w + w + 88. Suppose -l + 3*l = g. What are the prime factors of l?
11
Suppose -5*b = -4*b - 3. Suppose 2*f - 3*w - 2*w - 45 = 0, 3*f - b*w - 63 = 0. List the prime factors of f.
2, 5
Let j(s) be the third derivative of 0*s + 0 + 11/24*s**4 + 2*s**2 + 0*s**3. List the prime factors of j(1).
11
Let n(m) = 1 + m + 4*m**2 - 2*m**2 + 7*m**2 - 4*m**2. List the prime factors of n(-1).
5
Let b(q) = -q + 2. Suppose -4*o - 10 + 2 = 0. Let j be b(o). Let p(s) = s**3 - 3*s**2 - s - 5. What are the prime factors of p(j)?
7
Suppose 0 = z - 19 + 3. Suppose -4*p + 2*p + z = 0. Let u = -6 + p. List the prime factors of u.
2
Let b(z) = -4*z - 6. Let f(d) = 3*d**2 + d. Let l be f(-1). Suppose 4*k + 3*y + 19 = 0, 0 = -k + l*k + 5*y + 9. What are the prime factors of b(k)?
2, 5
Let o(i) = -i + 1. Let z be o(0). Let p(b) be the third derivative of b**6/30 + b**4/24 - b**3/6 + 7*b**2. List the prime factors of p(z).
2
Let z(o) = -o**3 - 3*o**2 - o - 10. List the prime factors of z(-5).
3, 5
What are the prime factors of (-33)/6*-16 - 2?
2, 43
Let s be 3/(-12)*2*-4. Suppose -10 = -s*p + h + h, 0 = -4*p + h + 5. List the prime factors of (0 - p) + 56/7.
2
Suppose -y + 1 = -3. Suppose 2*z = 4*a, 3*a - y = 2*a. List the prime factors of z.
2
Let s = -9 - -34. List the prime factors of s.
5
Let r = -27 + 33. List the prime factors of r.
2, 3
Let f = -1 - -6. Let b = f + -1. Suppose -20 = 5*x + b*l - 71, 2*l - 42 = -4*x. What are the prime factors of x?
11
Let c(i) = i**2 - 14*i - 5. Let a be c(12). Let z = a - -52. What are the prime factors of z?
23
Suppose -5*t = -0*t + 3*n - 131, -t + 5*n = -15. Suppose -4*l = l - t. What are the prime factors of l?
5
Suppose -67 - 47 = -o. What are the prime factors of o?
2, 3, 19
Let b be 1*-1*(-5 + 2). Suppose b*h - 3*p = 3, -p + 23 = 3*h - 0*p. List the prime factors of h.
2, 3
Let l(n) = n**3 - 11*n**2 - 20*n - 5. What are the prime factors of l(14)?
3, 101
Let k be 34/(-8) + 3/12. Let r(y) = -2*y + 3. What are the prime factors of r(k)?
11
Suppose -19 = 3*w - 109. Suppose f = 6*f - w. Suppose f*j - 3*j = 6. What are the prime factors of j?
2
Let u(t) = 2*t**2 - 4*t - 1. Let o be u(3). Suppose 3*b - 60 = 21. Suppose o*a + 7 = b. List the prime factors of a.
2
Let o(c) = -64*c + 1. Let d be o(-2). Suppose -d = -2*b - 41. Suppose 5*m = 2*r - 1 - 7, -4*m + b = 4*r. What are the prime factors of r?
3
Let o = 20 + -13. Let q(m) = m**3 - 8*m**2 + 8*m - 2. List the prime factors of q(o).
5
Suppose -6 = -2*i - 2*x, 0*i + 21 = 5*i + 2*x. Suppose -2*z + i*c = -53, c = -5*z - c + 89. What are the prime factors of z?
19
Let g(u) = -15*u - 8. What are the prime factors of g(-3)?
37
Suppose 0*c + 3*c = 18. What are the prime factors of 2/c + (-32)/(-12)?
3
Let v(f) = 15*f**2 - 2*f + 1. Let l(x) = -x - 5. Let b be l(-6). What are the prime factors of v(b)?
2, 7
Suppose 0*k + k = 131. List the prime factors of k.
131
Suppose 0 = -2*f - 0*f. Let i(r) = r**3 + r**2 - r + 20. List the prime factors of i(f).
2, 5
Suppose -3*z = q - 54, -z = 3*q - 2*z - 132. List the prime factors of q.
3, 5
What are the prime factors of 220 + (6 - 5 - 5)?
2, 3
Suppose 2*l = -l + 5*u + 88, 2*l - u - 47 = 0. List the prime factors of l.
3, 7
Let p = -4 - -7. Let o(n) = n - 1. Let f be o(3). Suppose f*i = -p*i + 60. List the prime factors of i.
2, 3
Suppose -2*n + 7*n - 10 = 0. Suppose 4*a = n*a + 14. What are the prime factors of a?
7
Let d = -7 + 77. What are the prime factors of (-2)/(-10) - d/(-25)?
3
Suppose 4*u = t - 20 - 9, 0 = -4*t + 4*u + 104. List the prime factors of t.
5
Let f(c) = -c**3 + 5*c**2 + 7*c + 8. List the prime factors of f(6).
2, 7
Let z = -208 + 318. List the prime factors of z.
2, 5, 11
Let g be 5/(-4) + 1/4. Let p = g - -3. Suppose 48 = p*y + y. What are the prime factors of y?
2
Let n(v) = -v**3 + 10*v**2 - 10*v + 12. Let c be n(9). Let o = 1 + c. Suppose 0 = -4*d - 4*i + 44, 2*d - 22 = o*i - 0*i. What are the prime factors of d?
11
Let q = 1 - 0. Let o be 0 + (0 - 0) + q. List the prime factors of 12*(-3)/(o + -4).
2, 3
Let v(j) = j**3 - 14*j**2 + 3. Let y be v(14). Suppose 2*f + 43 = y*k, -k + 5*k = -4*f + 24. What are the prime factors of k?
11
Let v(b) = -b**3 + 5*b**2 + 2*b - 3. Let u(i) = -2*i - 9. Let x be 1*((-6)/1 - 1). Let h be u(x). What are the prime factors of v(h)?
7
Let b(d) = -d**3 - 8*d**2 - 11*d - 14. Let k be 4*(-2)/(-8)*-7. List the prime factors of b(k).
2, 7
Suppose 2*m - 3*y = 0, 5*m = 4*y - y. Suppose 5*h - 92 - 38 = m. What are the prime factors of h?
2, 13
Suppose 66 = -3*k + 6*k. Let p = k + 3. What are the prime factors of p?
5
Let o(w) = -w**2 - 15*w + 9. Let b be o(-14). Suppose 4*d + 2*f + f = b, d = 2*f + 3. List the prime factors of d.
5
Suppose 3*a - 121 = 62. What are the prime factors of a?
61
Let s = -7 + 11. Suppose 4*j = c + 20, -s*c + 2*c = -4*j + 24. Suppose 2*y + j*h = -10, 2*y - 2*h = -3*y + 23. List the prime factors of y.
3
Let r(k) = -k**2 + 3*k - 3. Let m(v) = -2*v**3 + v**2 + v + 1. Let t be m(-1). Let a be r(t). What are the prime factors of (51/6)/(a/(-6))?
17
Suppose 0 = -r + 1, 3*r - 9 = -2*p - p. List the prime factors of 31 - 9/(5 - p).
2, 7
Let u be 0*(-1 - 0) - -3. Let q(r) = 3*r**2 - 2. List the prime factors of q(u).
5
Let b = -29 - -71. What are the prime factors of b?
2, 3, 7
Let a(x) = x**3 + 12*x**2 - 17*x + 6. List the prime factors of a(-13).
2, 29
Let o be (0 + 0 + -5)*-1. Let m(c) = -37*c**3 + c**2 - 1. Let a be m(-1). Suppose o - a = -4*u. List the prime factors of u.
2
Suppose 0 = 5*d + 84 + 41. Let w = d + 43. List the prime factors of w.
2, 3
Let r(y) = 2*y**3 + 3*y**3 - 2 + 2*y**2 - 4*y**3. Let q be r(-2). Let d = 1 - q. List the prime factors of d.
3
Let s(f) = 15*f - 6. List the prime factors of s(3).
3, 13
Let d(c) = -127*c**3 + 3*c**2 + 3*c + 1. What are the prime factors of d(-1)?
2
Let v(m) = 2*m**2 - 7*m - 1. List the prime factors of v(9).
2, 7
Let h = 1 - 16. Let i = 26 + h. List the prime factors of i.
11
Suppose 3*w = 3*d - 23 - 4, 4*w + 5*d = -63. Let v be (w/5)/((-9)/30). Suppose 2*a = 3*a - v. List the prime factors of a.
2
Let z(h) = h**2 - 4*h - 16. What are the prime factors of z(8)?
2
Suppose u = j - 4, 0*u = -2*j + u + 8. What are the prime factors of (j + 1 - 3)*6?
2, 3
Let o = -3 - -4. Let q be (o/(-2))/((-1)/4). Suppose 0 = -q*w + 3*w - 2. List the prime factors of w.
2
Suppose 0 = -0*i - i - 7. Let o = 6 + i. Let f(m) = 3*m**2 - m. List the prime factors of f(o).
2
Suppose 6 = 3*u - 0. Suppose -15 = -4*n - 31. Let o = u - n. List the prime factors of o.
2, 3
Suppose -12 = u - 0*u - 4*g, 0 = 2*g - 10. Suppose 0 = -4*m + 2*r - 70, -4*m - 61 = 3*r - u*r. List the prime factors of 3/(-9) + m/(-3).
2, 3
Suppose -4*o = -2*o. Suppose o = 2*d + d. Suppose 4*n + 28 = -d*u + 3*u, -2*n - 42 = -5*u. List the prime factors of u.
2
Let m(c) = 9*c - 1. Let a be m(-1). Let p = -42 + 62. Let t = p + a. List the prime factors of t.
2, 5
Suppose b + 2*b = 3. Let z = 2 + b. List the prime factors of z.
3
What are the prime factors of (-65)/(-3*2/6)?
5, 13
Let x be ((-7)/(-2))/7*0. Suppose -4*s + 13 + 55 = x. List the prime factors of s.
17
Suppose z = 6*z - 200. Let a(q) = -3*q**3 - 1. Let n be a(-1). Suppose n*g - z = -3*g. List the prime factors of g.
2
Let k be (2 + -4)/(4/6). What are the prime factors of (4/4)/(k/(-9))?
3
Let x(g) = -9*g**3 - g**2 - g. Let s be x(-1). S